the highest common divisor of 41 and 18901.
41
What is the highest common divisor of 73800 and 1350?
450
What is the highest common factor of 518 and 40478?
74
What is the highest common divisor of 30 and 2335?
5
What is the highest common divisor of 51 and 198577?
17
What is the highest common factor of 72 and 21768?
24
What is the highest common divisor of 242 and 87362?
242
Calculate the highest common factor of 8710 and 54795.
65
What is the greatest common divisor of 861 and 2255?
41
What is the highest common factor of 48648 and 42?
6
What is the greatest common divisor of 3386 and 844?
2
Calculate the greatest common divisor of 264 and 6567.
33
Calculate the highest common divisor of 1313 and 10699.
13
Calculate the highest common factor of 698955 and 1785.
255
What is the highest common divisor of 403 and 31124?
31
Calculate the greatest common divisor of 7 and 780479.
7
Calculate the highest common divisor of 5280 and 2145.
165
Calculate the highest common divisor of 99957 and 858.
429
What is the greatest common divisor of 9674 and 84?
14
Calculate the highest common divisor of 27594 and 63.
63
What is the highest common factor of 122 and 320067?
61
What is the greatest common divisor of 6 and 125418?
6
Calculate the greatest common factor of 21540 and 2700.
60
Calculate the highest common divisor of 36972 and 2106.
234
Calculate the highest common divisor of 81804 and 1428.
204
Calculate the highest common factor of 224434 and 92.
46
What is the greatest common divisor of 16576 and 182?
14
Calculate the greatest common factor of 132 and 18546.
66
Calculate the greatest common factor of 274 and 410589.
137
Calculate the greatest common divisor of 110436 and 36.
12
Calculate the greatest common divisor of 3026 and 23318.
178
Calculate the greatest common factor of 4215532 and 92.
92
What is the greatest common factor of 832147 and 971?
971
What is the highest common divisor of 587 and 2187749?
587
What is the greatest common factor of 129 and 60157?
43
Calculate the greatest common factor of 578886 and 4296.
1074
What is the greatest common factor of 3614 and 416?
26
Calculate the greatest common factor of 14 and 77294.
14
What is the highest common factor of 569196 and 12?
12
What is the highest common factor of 16647 and 12351?
537
Calculate the greatest common divisor of 985355 and 35.
35
Calculate the greatest common divisor of 66 and 122001.
33
What is the greatest common divisor of 16610 and 10560?
110
What is the highest common factor of 107770 and 14690?
130
Calculate the highest common factor of 7803 and 6647.
289
What is the greatest common factor of 53318 and 20034?
106
Calculate the highest common factor of 775112 and 8.
8
What is the highest common factor of 10388 and 20352?
212
What is the greatest common divisor of 3865 and 205?
5
What is the greatest common factor of 21675 and 561?
51
What is the highest common factor of 10780 and 38280?
220
Calculate the highest common factor of 6 and 341238.
6
What is the highest common factor of 59136 and 105?
21
What is the highest common divisor of 3715 and 1825?
5
Calculate the highest common divisor of 21775 and 350.
25
What is the highest common factor of 8432 and 372?
124
Calculate the greatest common factor of 57698 and 238.
34
Calculate the greatest common divisor of 160 and 2620.
20
Calculate the highest common factor of 49 and 36995.
49
Calculate the greatest common divisor of 1061770 and 3560.
890
Calculate the greatest common divisor of 761702 and 136.
34
What is the greatest common divisor of 2648133 and 81?
81
Calculate the greatest common factor of 52 and 173589.
13
What is the greatest common divisor of 8874 and 6525?
261
What is the highest common factor of 497 and 34506?
71
What is the highest common factor of 144039 and 21?
21
Calculate the highest common factor of 2460 and 133332.
492
Calculate the highest common divisor of 632 and 487114.
158
What is the greatest common divisor of 198 and 13200?
66
What is the highest common factor of 69 and 9547760?
23
Calculate the highest common factor of 19822 and 1696.
106
What is the highest common divisor of 380 and 76?
76
Calculate the greatest common factor of 104146 and 43.
43
What is the greatest common divisor of 3 and 34514?
1
What is the greatest common divisor of 352919 and 7?
7
What is the highest common divisor of 2586286 and 822?
274
What is the highest common factor of 2048 and 384?
128
Calculate the highest common divisor of 4 and 1436.
4
Calculate the greatest common divisor of 12 and 254864.
4
What is the greatest common divisor of 23051 and 1295?
259
What is the highest common divisor of 11 and 1100880?
11
What is the greatest common divisor of 264502 and 98?
98
What is the highest common factor of 66 and 1628?
22
Calculate the greatest common factor of 3822 and 2808.
78
Calculate the greatest common divisor of 513 and 20235.
57
Calculate the greatest common divisor of 2032 and 22606.
254
Calculate the greatest common factor of 115810 and 370.
370
What is the highest common factor of 249 and 7116?
3
What is the highest common divisor of 66 and 132814?
22
Calculate the highest common divisor of 94354 and 104.
26
Calculate the greatest common factor of 240 and 4370.
10
Calculate the greatest common factor of 1016757 and 189.
63
What is the highest common divisor of 672 and 60459?
21
Calculate the highest common factor of 96 and 18093.
3
Calculate the greatest common divisor of 414 and 1692225.
207
Calculate the greatest common divisor of 5610 and 3570.
510
What is the greatest common divisor of 34625 and 1108?
277
What is the highest common divisor of 1840 and 36455?
115
What is the highest common factor of 26364 and 8268?
156
What is the highest common divisor of 19188 and 2574?
234
Calculate the greatest common factor of 7765 and 5.
5
What is the highest common divisor of 560 and 180460?
140
Calculate the highest common factor of 371 and 98.
7
What is the highest common factor of 33633 and 2997?
333
What is the highest common factor of 11693 and 880?
11
Calculate the highest common factor of 91172 and 92.
92
Calculate the highest common factor of 1639 and 781.
11
What is the highest common divisor of 5744 and 464?
16
Calculate the greatest common divisor of 1172526 and 219.
219
Calculate the greatest common factor of 318 and 2202.
6
Calculate the greatest common divisor of 50 and 206650.
50
Calculate the highest common factor of 18281 and 8326.
181
Calculate the highest common divisor of 189 and 2212056.
189
Calculate the highest common divisor of 1225 and 120295.
245
What is the highest common divisor of 273 and 162799?
91
What is the greatest common divisor of 210673 and 2483?
191
Calculate the greatest common factor of 474912 and 340.
68
What is the greatest common divisor of 421190 and 3850?
770
Calculate the highest common factor of 6 and 298806.
6
Calculate the greatest common divisor of 2959 and 44.
11
Calculate the highest common factor of 4667 and 5026.
359
Calculate the highest common factor of 13311 and 7191.
153
Calculate the greatest common divisor of 450 and 1065375.
225
Calculate the highest common divisor of 4170 and 960.
30
What is the highest common factor of 218463 and 273?
21
What is the highest common factor of 231 and 39123?
21
Calculate the greatest common factor of 16055 and 1045.
95
Calculate the highest common divisor of 132 and 11066.
22
What is the greatest common divisor of 742 and 11858?
14
What is the greatest common divisor of 58040 and 200?
40
What is the greatest common factor of 1800 and 89352?
72
Calculate the greatest common factor of 1032022 and 913.
83
What is the highest common factor of 318985 and 1965?
655
Calculate the greatest common divisor of 166707 and 9.
9
Calculate the highest common factor of 75496 and 128.
8
Calculate the highest common factor of 180158 and 836.
418
Calculate the highest common divisor of 782 and 506.
46
What is the highest common divisor of 6402 and 184206?
66
What is the highest common divisor of 782569 and 61?
61
What is the highest common divisor of 74 and 86099?
37
What is the greatest common divisor of 32 and 28456?
8
What is the highest common factor of 26 and 86489?
13
What is the greatest common factor of 10400 and 17940?
260